t is 416b + 0?
416b
In base 7, what is 12000550 - 4?
12000543
In base 5, what is -4 + 232331?
232322
In base 5, what is -423 + 13332?
12404
In base 4, what is -3001323030 + -1?
-3001323031
In base 5, what is 110 + 1010044?
1010204
In base 12, what is 2 - -4262?
4264
In base 13, what is -7 - 8bacc?
-8bb06
In base 15, what is -31c - 213?
-530
In base 9, what is 22557 + -4?
22553
In base 2, what is 1 + 110100000000001011?
110100000000001100
In base 16, what is 51f8 - -4?
51fc
In base 10, what is 1 - -15112?
15113
In base 14, what is 16267 + -96?
161b1
In base 15, what is 9c09a - -2?
9c09c
In base 10, what is -5 + 69899?
69894
In base 10, what is 2 - 93104?
-93102
In base 11, what is 10 + 25a5?
2605
In base 4, what is -23 - -2201302?
2201213
In base 5, what is -30020 - -214?
-24301
In base 13, what is 293a - 4b?
28bc
In base 9, what is 4 - 52667?
-52663
In base 9, what is 6440506 + 3?
6440510
In base 15, what is -3 - -6d09?
6d06
In base 13, what is -9c - 220?
-2bc
In base 9, what is -474 + -143?
-627
In base 11, what is -14411a3 + 3?
-14411a0
In base 9, what is -4 + 722325?
722321
In base 13, what is -2b1b8 - -3?
-2b1b5
In base 10, what is -14825 + -6?
-14831
In base 14, what is 3 - -b351?
b354
In base 4, what is -103 - -31303?
31200
In base 11, what is 2 - 6354?
-6352
In base 4, what is -10111 + -3321300?
-3332011
In base 10, what is -89 + -3746?
-3835
In base 4, what is -1221100 + 2?
-1221032
In base 9, what is -2 - -6877?
6875
In base 3, what is 10000110 + -102?
10000001
In base 3, what is 1112001202222 + 11?
1112001210010
In base 15, what is cb22 - -4?
cb26
In base 7, what is 22136112 + 3?
22136115
In base 12, what is -1a97 - -17?
-1a80
In base 5, what is -23421 + -10422?
-34343
In base 5, what is 20 + 32331?
32401
In base 8, what is 17514 - 32?
17462
In base 10, what is 6554 - 20?
6534
In base 4, what is -3 - 11132223?
-11132232
In base 4, what is 3 + 13020022?
13020031
In base 9, what is 4 - 1468862?
-1468857
In base 10, what is -5838 - 57?
-5895
In base 7, what is -102 - 212604?
-213006
In base 12, what is -6b79 - -1?
-6b78
In base 11, what is 383 + -37?
347
In base 15, what is 9b0 - 10d?
8a2
In base 9, what is -125128 + -1?
-125130
In base 16, what is 13 + 7fd?
810
In base 6, what is 5 - 2555425?
-2555420
In base 14, what is -96 - 4a8?
-560
In base 8, what is -773035 - 2?
-773037
In base 14, what is 512c + -7?
5125
In base 13, what is 6 - 76bb?
-76b5
In base 11, what is 24976 - -5?
24980
In base 16, what is -6d + -49?
-b6
In base 9, what is 237885 - 3?
237882
In base 11, what is -a9765 + -4?
-a9769
In base 4, what is -303111100 - 11?
-303111111
In base 12, what is 4 - 6b7333?
-6b732b
In base 14, what is -66b89 - -12?
-66b77
In base 15, what is 11 - -14e?
160
In base 3, what is 10 - 1011112001?
-1011111221
In base 15, what is bda5e - 5?
bda59
In base 12, what is -a8b + -30?
-abb
In base 5, what is -433231021 + 2?
-433231014
In base 7, what is 31 + -16010?
-15646
In base 3, what is -100 - 21100210?
-21101010
In base 14, what is -2 + -528?
-52a
In base 12, what is 0 - -4b21?
4b21
In base 6, what is -3221 - 4134?
-11355
In base 6, what is -2 + 205552?
205550
In base 8, what is 231515 + -4?
231511
In base 13, what is 9035 - 3a?
8cc8
In base 8, what is 5131 + 1?
5132
In base 8, what is -71131 + 4?
-71125
In base 3, what is 2 - -101121202?
101121211
In base 15, what is 74ca - -4?
74ce
In base 16, what is 250 - 3f?
211
In base 9, what is -1042 + -1110?
-2152
In base 8, what is -4 + -21464?
-21470
In base 2, what is -1001001 - -10001110110?
10000101101
In base 13, what is 4 + -154866?
-154862
In base 2, what is 111011000100011011000 - 11?
111011000100011010101
In base 15, what is -1c - -81e2?
81c5
In base 15, what is -569 + -4?
-56d
In base 3, what is -1101021 - -10022?
-1020222
In base 16, what is 5dd + -c?
5d1
In base 10, what is 2443682 - 1?
2443681
In base 9, what is -1 + -23746?
-23747
In base 4, what is -3212 - -11323?
2111
In base 7, what is -20332 + -504?
-21136
In base 2, what is -100 - -1001101001011011101?
1001101001011011001
In base 15, what is 2 + -47639?
-47637
In base 3, what is -1 - 11022020112?
-11022020120
In base 15, what is 741 + 29?
76a
In base 10, what is 1967 - -21?
1988
In base 2, what is 100010000110000 - -1000100?
100010001110100
In base 11, what is -103331 - 0?
-103331
In base 13, what is 27 - -3329?
3353
In base 6, what is -14321204 - 3?
-14321211
In base 3, what is -2011102102 - 2?
-2011102111
In base 2, what is -1 - -10101010001010?
10101010001001
In base 13, what is -1b36ba - -6?
-1b36b4
In base 10, what is -17383 + -3?
-17386
In base 2, what is 10010001010011011000 - -10?
10010001010011011010
In base 4, what is 1112 - 210321?
-203203
In base 2, what is -101010000100 + -100000?
-101010100100
In base 2, what is 1111 - 11011011001?
-11011001010
In base 16, what is 8 + c3e?
c46
In base 6, what is -15350 - -343?
-15003
In base 2, what is -10000100 - 10010111?
-100011011
In base 13, what is 6679 - -10?
6689
In base 5, what is 1034321 + -10?
1034311
In base 2, what is -10011010110 + -10011?
-10011101001
In base 10, what is 1533 - -2774?
4307
In base 4, what is 10012333 - -32?
10013031
In base 5, what is 41103 - -114?
41222
In base 6, what is 1025214 + 3?
1025221
In base 12, what is -249a9a + 0?
-249a9a
In base 12, what is 5 - 204b68?
-204b63
In base 15, what is e4 - 1a9?
-b5
In base 5, what is -304433 + 4?
-304424
In base 13, what is -ac - -6b4b?
6a6c
In base 3, what is -11100012 - 1?
-11100020
In base 12, what is -9 + 449?
440
In base 2, what is 10 + 100000001000?
100000001010
In base 12, what is 359 - -3b?
398
In base 16, what is -2 + -31af?
-31b1
In base 15, what is -6e6 - -3?
-6e3
In base 4, what is 23222 - -2?
23230
In base 11, what is -348 - -15?
-333
In base 11, what is -42 - -5920a?
59178
In base 7, what is 5431 + 5?
5436
In base 3, what is -1111012 + 21?
-1110221
In base 13, what is -4 - -1ac16b?
1ac167
In base 8, what is 420705 + 1?
420706
In base 8, what is -21315 + 2?
-21313
In base 11, what is -6 + -6910?
-6916
In base 14, what is -427 - 3c?
-465
In base 7, what is 204 - 33633?
-33426
In base 16, what is 1ed + 14?
201
In base 10, what is -15 + -124583?
-124598
In base 16, what is a + a8f?
a99
In base 14, what is 1215 - 47?
11ac
In base 14, what is 247d - 21?
245c
In base 4, what is -10 - -102203132?
102203122
In base 11, what is -15 + -3130?
-3145
In base 5, what is 1143304 + 1043?
1144402
In base 15, what is 1 - -111e2?
111e3
In base 8, what is -65371 + -135?
-65526
In base 13, what is -1b - 3206?
-3224
In base 16, what is 1a - -183c?
1856
In base 14, what is 30 + 132a?
135a
In base 12, what is -5b9 - 410?
-a09
In base 14, what is -20dc - 6?
-2104
In base 5, what is 244224 - 3?
244221
In base 13, what is 4 - -2005?
2009
In base 6, what is 203040 - 3?
203033
In base 15, what is 3 - -d082?
d085
In base 4, what is 2 + 31013333?
31020001
In base 2, what is 1010101 + 10110010011?
10111101000
In base 11, what is 5 + 146985?
14698a
In base 3, what is 1201 - -1110202211?
1110211112
In base 13, what is -1c + -3a36b?
-3a38a
In base 7, what is 150630 - 36?
150561
In base 6, what is 2425 - -303?
3132
In base 3, what is 11012122122 + 0?
11012122122
In base 13, what is 8 - -6?
11
In base 3, what is 121 - 10211011?
-10210120
In base 9, what is -11 + -64131?
-64142
In base 5, what is 0 + 42131?
42131
In base 9, what is 4320 + 4652?
10072
In base 3, what is -211100120 - 1100?
-211101220
In base 15, what is -61 + -a2?
-113
In base 4, what is -2 - -331111330?
331111322
In base 12, what is 0 + 127847?
127847
In base 12, what is 12 - -1237?
1249
In base 11, what is -3 + -9688?
-9690
In base 13, what is -13 + 18b0?
189a
In base 8, what is -2 - 325?
-327
In base 8, what is -251 + -13?
-264
In base 3, what is 11 - 20112112000?
-20112111212
In base 15, what is -5 + -d43a?
-d440
In base 9, what is 2 + 62484?
62486
In base 10, what is 7 - 56517?
-56510
In base 9, what is -1530 - 126?
-1656
In base 7, what is 43341 + 5?
43346
In base 16, what is 5 - -754bb?
754c0
In base 16, what is 144 + -2?
142
In base 15, what is -11326c + -5?
-113272
In base 13, what is 59c5 + 9?
5a01
In base 7, what is -2655 - -16?
-2636
In base 6, what is 105022 + 51?
105113
In base 12, what is -1a22 - 71?
-1a93
In base 7, what is -252064 + 105?
-251656
In bas